7*k + 276. What is q(1)?
29
Let p(s) = s**3 - 40*s**2 + 35*s + 158. Calculate p(39).
2
Let d(m) = -36*m + 2735. What is d(78)?
-73
Let p(m) = 254*m - 4316. Give p(17).
2
Let a(g) = 2*g**3 - 9*g**2 - 10*g + 35. Determine a(5).
10
Let r(q) = -333*q + 1760. What is r(5)?
95
Let b(a) = 629*a + 1843. Calculate b(-4).
-673
Let h(s) = 329*s + 1962. Give h(-6).
-12
Let u(v) = -2*v**3 + 14*v**2 + 146*v - 1015. Give u(7).
7
Let s(z) = 116*z**2 - 6*z - 2. Give s(-1).
120
Let g(v) = -v**3 - 4*v**2 + 28*v + 81. What is g(-5)?
-34
Let s(u) = 3*u**3 - 97*u**2 - 170*u - 6. Calculate s(34).
-6
Let i(l) = l**3 + 4*l**2 - 2*l - 18. What is i(0)?
-18
Let g(q) = -26*q + 14. Calculate g(-5).
144
Let t(m) = m**3 + 13*m**2 - 34*m - 67. Calculate t(-15).
-7
Let p(w) = -w**2 + 45*w + 306. Determine p(-6).
0
Let o(l) = l**3 + 12*l**2 - 35*l - 79. What is o(-14)?
19
Let j(y) = 6*y + 140. Determine j(-24).
-4
Let a(y) = -11*y**2 + 5*y + 58. Determine a(5).
-192
Let y(l) = l**3 - 14*l**2 + 11*l - 132. What is y(14)?
22
Let j(k) = k**3 - 68*k**2 - 536*k + 18. Give j(-7).
95
Let x(h) = -h**3 + 9*h**2 + 16*h - 29. Determine x(10).
31
Let i(n) = -91*n**2 - 4*n + 4. Give i(1).
-91
Let b(v) = v**3 + 18*v**2 - 256*v - 4610. What is b(-18)?
-2
Let o(k) = k**2 - 29*k + 131. Give o(5).
11
Let w(o) = 216*o - 5226. Give w(24).
-42
Let y(d) = d**3 + 42*d**2 - 457*d - 8. Give y(9).
10
Let k(i) = -9*i**3 + 1159*i**2 + 256*i + 181. Calculate k(129).
-77
Let w(k) = -39*k**2 - 547*k + 14. Determine w(-14).
28
Let t(v) = v**2 + 7*v - 104. What is t(-22)?
226
Let c(p) = 8*p**2 - 7*p + 11. Calculate c(-3).
104
Let d(s) = 66*s - 1046. Calculate d(16).
10
Let n(u) = 6*u**2 + 69*u - 162. Give n(2).
0
Let b(t) = -2*t**3 - 252*t**2 - 2*t - 255. Determine b(-126).
-3
Let x(b) = 11*b**2 + 5*b - 8. Determine x(4).
188
Let d(s) = -5*s**2 - 23*s + 2. Calculate d(7).
-404
Let m(b) = -b**3 + 18*b**2 + 4*b + 345. Determine m(20).
-375
Let b(v) = -v**3 - 17*v**2 + 27*v - 21. Determine b(-18).
-183
Let j(n) = -3308*n - 36349. Determine j(-11).
39
Let n(q) = -363*q - 2549. Calculate n(-7).
-8
Let v(h) = -196*h + 175. What is v(1)?
-21
Let w(u) = -164*u + 911. Give w(5).
91
Let g(s) = -2392*s + 16748. What is g(7)?
4
Let l(v) = -2*v**3 - 20*v**2 - 46*v - 6. Give l(-3).
6
Let o(m) = -51*m - 374. What is o(-7)?
-17
Let z(d) = -2883*d + 31711. What is z(11)?
-2
Let s(v) = 47*v**2 + 19*v + 19. Give s(-1).
47
Let a(v) = 2*v**3 + 96*v**2 + 99*v - 95. Calculate a(-47).
-330
Let q(x) = -93*x + 1126. Calculate q(12).
10
Let t(w) = 2*w**3 - 38*w**2 + 185*w + 8. Determine t(9).
53
Let j(q) = -q**3 + 11*q**2 + 121*q - 1285. What is j(11)?
46
Let s(v) = -14*v**2 + 4*v + 5. Give s(-2).
-59
Let f(k) = -8431*k + 109628. What is f(13)?
25
Let p(c) = -236*c + 3. Calculate p(-2).
475
Let i(w) = -w**3 + 9*w**2 - 29*w + 26. What is i(4)?
-10
Let z(v) = v**2 + 7*v - 29. What is z(-10)?
1
Let d(t) = -57*t + 297. Give d(5).
12
Let t(r) = -51*r**3 - 6*r**2 - 2*r + 7. Calculate t(1).
-52
Let g(c) = 3*c**2 - 95*c + 745. What is g(8)?
177
Let b(w) = -347*w - 2060. Calculate b(-6).
22
Let f(h) = 13*h**2 + 46*h - 51. Determine f(-5).
44
Let i(o) = 1979*o + 29689. What is i(-15)?
4
Let v(c) = -c**3 - 20*c**2 + 15*c + 6. What is v(1)?
0
Let x(n) = -373*n + 147714. What is x(396)?
6
Let y(g) = -1593*g + 25482. Determine y(16).
-6
Let i(j) = -2*j**3 + 11*j**2 - 60*j + 10. Determine i(6).
-386
Let k(y) = -11*y + 386. Give k(46).
-120
Let i(x) = 6*x - 145. Calculate i(-7).
-187
Let s(m) = -m**3 - 24*m**2 - 64*m - 6. What is s(-21)?
15
Let z(k) = 2*k**2 + 169*k + 984. Calculate z(-78).
-30
Let r(o) = o**3 - 109*o**2 + 201*o + 1385. Determine r(107).
-6
Let f(h) = -1658*h + 238753. Determine f(144).
1
Let c(a) = -3*a**2 + 106*a + 149. What is c(34)?
285
Let i(x) = -x**3 + 4*x**2 + 138*x - 750. Calculate i(6).
6
Let j(b) = b**3 + 3*b**2 + 3*b - 10. Give j(5).
205
Let h(x) = -x**2 - 28*x - 42. Calculate h(-27).
-15
Let c(o) = -64*o**2 + 703*o + 7. What is c(11)?
-4
Let s(u) = -4182*u - 2. Determine s(0).
-2
Let a(y) = 18*y**2 - 35*y - 7. What is a(2)?
-5
Let q(a) = -52*a + 1532. What is q(26)?
180
Let d(w) = -191*w - 764. Calculate d(-4).
0
Let c(t) = -t**3 - 38*t**2 - 38*t - 143. What is c(-37)?
-106
Let g(o) = 399*o + 5585. Determine g(-14).
-1
Let v(y) = -9*y**3 + y**2 - 95*y - 95. Calculate v(-1).
10
Let s(n) = -n**2 + 27*n - 152. Give s(11).
24
Let s(c) = 125*c + 175. What is s(-3)?
-200
Let m(l) = -l**2 + 6*l + 113. Determine m(0).
113
Let n(v) = 140*v + 992. Determine n(-7).
12
Let h(b) = -b**3 - 22*b**2 + 505*b - 8. Calculate h(14).
6
Let w(u) = 29*u - 72. Determine w(12).
276
Let g(n) = 602*n - 1805. Give g(3).
1
Let d(r) = 21*r - 152. Determine d(-15).
-467
Let p(j) = 2*j**2 + 352*j - 1064. Give p(3).
10
Let k(g) = -g**3 + 3*g**2 - 292*g + 866. What is k(3)?
-10
Let b(o) = 13968*o - 223477. Determine b(16).
11
Let c(n) = -2*n**3 - 19*n**2 - 10*n - 35. Calculate c(-10).
165
Let z(f) = 7366*f - 66319. What is z(9)?
-25
Let a(u) = 26*u**2 - 339*u - 18. Give a(13).
-31
Let u(x) = -8*x + 117. Determine u(15).
-3
Let a(t) = 3*t**2 + 96*t - 195. Determine a(-34).
9
Let r(g) = g + 13. Give r(-28).
-15
Let i(o) = -o**3 + 3*o**2 + 10*o - 6. Give i(-6).
258
Let n(v) = 5*v + 344. What is n(-70)?
-6
Let u(a) = -16*a**3 + 2*a**2 - 33*a + 76. Give u(3).
-437
Let k(c) = -1240*c + 2503. Determine k(2).
23
Let k(u) = 5*u**2 + 302*u + 85. What is k(-60)?
-35
Let i(a) = -170*a - 7922. Calculate i(-46).
-102
Let a(b) = 106*b**3 + b**2 + b. Determine a(-1).
-106
Let y(f) = -3*f**3 + 127*f**2 - 40*f - 100. Give y(42).
-16
Let l(s) = s**3 - 13*s**2 - 63*s + 245. Calculate l(16).
5
Let r(k) = 1911*k - 97467. What is r(51)?
-6
Let s(o) = o**3 - 130*o**2 + 3781*o + 259. Determine s(86).
1
Let q(g) = -406*g**2 + 1618*g + 33. What is q(4)?
9
Let l(i) = -17*i + 656. Determine l(37).
27
Let y(n) = n**3 - 3*n**2 + 3*n - 136. Give y(0).
-136
Let g(w) = 20380*w - 142663. Give g(7).
-3
Let i(y) = -173*y + 1705. Calculate i(10).
-25
Let b(r) = -18*r**2 - 1693*r - 95. Give b(-94).
-1
Let r(c) = -c**2 + 29*c + 2183. What is r(-34)?
41
Let j(v) = -16063*v - 224878. Calculate j(-14).
4
Let z(d) = 2*d**2 + 60*d + 55. What is z(-29)?
-3
Let k(m) = 180*m**2 - 3*m + 8. What is k(0)?
8
Let i(u) = u**2 + 2344*u - 14102. What is i(6)?
-2
Let h(g) = -g**2 + 431*g - 38435. What is h(305)?
-5
Let k(y) = y**3 - 25*y**2 + 106*y + 371. Calculate k(18).
11
Let g(j) = -2*j**2 + 22*j - 10. What is g(5)?
50
Let r(u) = 13*u**2 + 10*u + 6. Calculate r(-3).
93
Let a(u) = u**3 - 8*u**2 - 176*u + 38. What is a(-10)?
-2
Let v(f) = -17*f**3 + 8*f**2 + 26*f + 22. Give v(-2).
138
Let o(u) = 29*u + 2641. Calculate o(-89).
60
Let l(a) = -123*a + 665. Determine l(7).
-196
Let m(q) = q**3 + 60*q**2 - 190*q - 139. Determine m(-63).
-76
Let x(g) = 2*g**3 + 3*g + 33. Give x(5).
298
Let j(k) = -k**3 - 3*k**2 + 15*k + 15. Determine j(-6).
33
Let z(h) = h**2 + 22*h - 51. Calculate z(2).
-3
Let x(g) = 3*g**2 + 5*g - 139. Determine x(6).
-1
Let p(z) = -z**3 + 7*z**2 + 75*z - 24. Calculate p(0).
-24
Let x(a) = -48*a**2 + 48*a - 102. Give x(3).
-390
Let v(y) = -46*y - 18. Determine v(0).
-18
Let h(v) = -v**3 + 42*v**2 + 41*v + 78. Calculate h(43).
-8
Let m(o) = -2*o**2 - 69*o + 2119. Calculate m(-54).
13
Let b(v) = -55*v - 194. Give b(-3).
-29
Let j(i) = i**3 + 3*i**2 - 89*i - 314. Calculate j(-4).
26
Let r(o) = -o**3 + 13*o**2 - 19*o + 37. Calculate r(11).
70
Let q(n) = -44*n - 5876. Give q(-134).
20
Let h(t) = -t**3 - 2*t**2 - 132*t - 549. Determine h(-4).
11
Let o(z) = 2*z**2 + 19*z - 37. Determine o(12).
479
Let s(z) = -28*z**2 - 1935*z - 217. Give s(-69).
-10
Let m(s) = -132*s - 1832. What is m(-19)?
676
Let o(p) = 14*p**3 - 1006*p**2 - 147*p + 225. Determine o(72).
9
Let h(b) = 1361*b - 8183. Calculate h(6).
-17
Let z(v) = -v**3 + 39*v**2 - 3*v - 9. Give z(39).
-126
Let k(w) = -166*w + 9281. Determine k(56).
-15
Let l(v) = 2*v**3 + v**2 - v - 205. What is l(0)?
-205
Let h(o) = -244*o - 729. Determine h(-3).
3
Let t(k) = -k**2 - 39*k - 60. Give t(-34).
110
Let o(v) = -14*v**3 - 108*v**2 + 21*v - 96. What is o(-8)?
-8
Let y(c) = -49*c + 2645. Determine y(54).
-1
Let m(p) = 881*p - 7920. Give m(9).
9
Let a(w) = -w**3 - 33*w**2 - 59*w + 90. Calculate a(-31).
-3
Let q(h) = h**3 - 2*h**2 - 6*h + 5. What is q(3)?
